{"id":11375,"date":"2023-07-19T07:30:12","date_gmt":"2023-07-19T07:30:12","guid":{"rendered":"https:\/\/cbiu.gov.dm\/%e5%b0%bd%e8%81%8c%e8%b0%83%e6%9f%a5\/"},"modified":"2025-06-30T16:24:23","modified_gmt":"2025-06-30T16:24:23","slug":"%e5%b0%bd%e8%81%8c%e8%b0%83%e6%9f%a5","status":"publish","type":"page","link":"https:\/\/simplydev.co\/dominica\/%e5%a4%9a%e7%b1%b3%e5%b0%bc%e5%85%8b%e5%85%ac%e6%b0%91%e8%ba%ab%e4%bb%bd\/%e5%b0%bd%e8%81%8c%e8%b0%83%e6%9f%a5\/","title":{"rendered":"\u00e5\u0160\u00a0\u00e5\u00bc\u00ba\u00e5\u00b0\u00bd\u00e8\u0081\u0152\u00e8\u00b0\u0192\u00e6\u0178\u00a5"},"content":{"rendered":"<h1>\u00e5\u0160\u00a0\u00e5\u00bc\u00ba\u00e5\u00b0\u00bd\u00e8\u0081\u0152\u00e8\u00b0\u0192\u00e6\u0178\u00a5<\/h1>\n<h2>\u00e5\u00b0\u00bd\u00e8\u0081\u0152\u00e8\u00b0\u0192\u00e6\u0178\u00a5\u00e8\u00a6\u0081\u00e6\u00b1\u201a<\/h2>\n<h5>\u00e5\u00bc\u00ba\u00e5\u02c6\u00b6\u00e9\u009d\u00a2\u00e8\u00af\u2022<\/h5>\n<p>\u00e6\u2030\u20ac\u00e6\u0153\u2030\u00e5\u00b9\u00b4\u00e6\u00bb\u00a116\u00e5\u00b2\u0081\u00e7\u0161\u201e\u00e7\u201d\u00b3\u00e8\u00af\u00b7\u00e4\u00ba\u00ba\u00e5\u00bf\u2026\u00e9\u00a1\u00bb\u00e5\u008f\u201a\u00e5\u0160\u00a0\u00e4\u00b8\u20ac\u00e6\u00ac\u00a1\u00e5\u00bc\u00ba\u00e5\u02c6\u00b6\u00e9\u009d\u00a2\u00e8\u00af\u2022 \u00e5\u0153\u00a8\u00e6\u00ad\u00a4\u00e6\u0153\u0178\u00e9\u2014\u00b4\u00ef\u00bc\u0152\u00e7\u00ac\u00ac\u00e4\u00b8\u2030\u00e6\u2013\u00b9\u00e5\u00b0\u00bd\u00e8\u0081\u0152\u00e8\u00b0\u0192\u00e6\u0178\u00a5\u00e6\u0153\u00ba\u00e6\u017e\u201e\u00e5\u00b0\u2020\u00e5\u00af\u00b9\u00e6\u201a\u00a8\u00e6\u008f\u0090\u00e4\u00be\u203a\u00e7\u0161\u201e\u00e4\u00bf\u00a1\u00e6\u0081\u00af\u00e8\u00bf\u203a\u00e8\u00a1\u0152\u00e4\u00b8\u00a5\u00e6\u00a0\u00bc\u00e7\u0161\u201e\u00e8\u0192\u0152\u00e6\u2122\u00af\u00e8\u00b0\u0192\u00e6\u0178\u00a5<\/p>\n<h5>\u00e5\u00bc\u00ba\u00e5\u02c6\u00b6\u00e6\u20ac\u00a7\u00e9\u009d\u00a2\u00e8\u00af\u2022\u00e8\u00b4\u00b9\u00e7\u201d\u00a8\u00e4\u00b8\u00ba\u00e6\u00af\u008f\u00e6\u00ac\u00a1\u00e9\u009d\u00a2\u00e8\u00af\u20221,000\u00e7\u00be\u017d\u00e9\u2021\u2018<\/h5>\n<p>\u00e9\u009d\u00a2\u00e8\u00af\u2022\u00e5\u00b0\u2020\u00e9\u20ac\u0161\u00e8\u00bf\u2021\u00e5\u00ae\u2030\u00e5\u2026\u00a8\u00e5\u00b9\u00b3\u00e5\u008f\u00b0\u00e4\u00bb\u00a5\u00e8\u2122\u0161\u00e6\u2039\u0178\u00e7\u0161\u201e\u00e6\u2013\u00b9\u00e5\u00bc\u008f\u00e8\u00bf\u203a\u00e8\u00a1\u0152 \u00e7\u201d\u00b3\u00e8\u00af\u00b7\u00e4\u00ba\u00ba\u00e5\u00b0\u2020\u00e7\u201d\u00b1\u00e6\u017d\u02c6\u00e6\u009d\u0192\u00e7\u0161\u201e\u00e9\u009d\u00a2\u00e8\u00af\u2022\u00e5\u00ae\u02dc\u00e7\u203a\u00b4\u00e6\u017d\u00a5\u00e8\u0081\u201d\u00e7\u00b3\u00bb\u00ef\u00bc\u0152\u00e5\u00ae\u2030\u00e6\u017d\u2019\u00e9\u009d\u00a2\u00e8\u00af\u2022\u00e6\u2014\u00b6\u00e9\u2014\u00b4 \u00e9\u0161\u008f\u00e5\u0090\u017d\u00ef\u00bc\u0152\u00e7\u201d\u00b3\u00e8\u00af\u00b7\u00e4\u00ba\u00ba\u00e5\u008f\u0160\u00e5\u2026\u00b6\u00e5\u00ae\u00b6\u00e5\u00b1\u017e\u00e5\u00b0\u2020\u00e5\u008f\u201a\u00e5\u0160\u00a0\u00e8\u2122\u0161\u00e6\u2039\u0178\u00e9\u009d\u00a2\u00e8\u00af\u2022\u00ef\u00bc\u203a\u00e6\u017d\u02c6\u00e6\u009d\u0192\u00e4\u00bb\u00a3\u00e7\u0090\u2020\u00e4\u00ba\u00ba\u00e6\u02c6\u2013\u00e6\u0152\u0081\u00e7\u2030\u0152\u00e6\u017d\u00a8\u00e5\u00b9\u00bf\u00e4\u00ba\u00ba\u00e5\u2018\u02dc\u00e4\u00b8\u008d\u00e5\u00be\u2014\u00e4\u00bb\u00a3\u00e6\u203a\u00bf\u00e4\u00bb\u2013\u00e4\u00bb\u00ac\u00e5\u2021\u00ba\u00e5\u00b8\u00ad\u00e9\u009d\u00a2\u00e8\u00af\u2022\u00e3\u20ac\u201a \u00e6\u2030\u20ac\u00e6\u0153\u2030\u00e7\u201d\u00b3\u00e8\u00af\u00b7\u00e4\u00ba\u00ba\u00e5\u00bf\u2026\u00e9\u00a1\u00bb\u00e6\u0152\u0081\u00e6\u0153\u2030\u00e8\u00ba\u00ab\u00e4\u00bb\u00bd\u00e8\u00af\u0081\u00e6\u02dc\u017d\u00e6\u2013\u2021\u00e4\u00bb\u00b6\u00e5\u008f\u0160\u00e9\u009d\u00a2\u00e8\u00af\u2022\u00e6\u2030\u20ac\u00e9\u0153\u20ac\u00e7\u0161\u201e\u00e6\u201d\u00af\u00e6\u0152\u0081\u00e6\u2013\u2021\u00e4\u00bb\u00b6\u00e3\u20ac\u201a<\/p>\n<p>\u00e9\u009d\u00a2\u00e8\u00af\u2022\u00e5\u00b0\u2020\u00e4\u00bb\u00a5\u00e7\u201d\u00b3\u00e8\u00af\u00b7\u00e4\u00ba\u00ba\u00e7\u0161\u201e\u00e6\u00af\u008d\u00e8\u00af\u00ad\u00e6\u02c6\u2013\u00e5\u2026\u00b6\u00e9\u20ac\u2030\u00e6\u2039\u00a9\u00e7\u0161\u201e\u00e8\u00af\u00ad\u00e8\u00a8\u20ac\u00e8\u00bf\u203a\u00e8\u00a1\u0152\u00e3\u20ac\u201a\u00e6\u2030\u20ac\u00e6\u0153\u203016\u00e5\u00b2\u0081\u00e5\u008f\u0160\u00e4\u00bb\u00a5\u00e4\u00b8\u0160\u00e7\u0161\u201e\u00e7\u201d\u00b3\u00e8\u00af\u00b7\u00e4\u00ba\u00ba\u00e5\u009d\u2021\u00e9\u0153\u20ac\u00e5\u008f\u201a\u00e5\u0160\u00a0\u00e9\u009d\u00a2\u00e8\u00af\u2022\u00ef\u00bc\u203a\u00e6\u2014\u00a0\u00e6\u00b3\u2022\u00e4\u00b8\u017d\u00e5\u00ae\u00b6\u00e4\u00ba\u00ba\u00e4\u00b8\u20ac\u00e5\u0090\u0152\u00e5\u008f\u201a\u00e5\u0160\u00a0\u00e7\u0161\u201e\u00e7\u201d\u00b3\u00e8\u00af\u00b7\u00e4\u00ba\u00ba\u00e9\u0153\u20ac\u00e6\u201d\u00af\u00e4\u00bb\u02dc\u00e9\u00a2\u009d\u00e5\u00a4\u2013\u00e9\u009d\u00a2\u00e8\u00af\u2022\u00e8\u00b4\u00b9\u00e7\u201d\u00a8\u00e3\u20ac\u201a  \u00e9\u009d\u00a2\u00e8\u00af\u2022\u00e4\u00b8\u00ad\u00e8\u00a6\u0081\u00e6\u00b1\u201a\u00e6\u008f\u0090\u00e4\u00ba\u00a4\u00e7\u0161\u201e\u00e6\u2013\u2021\u00e4\u00bb\u00b6\u00e5\u00b0\u2020\u00e9\u20ac\u0161\u00e8\u00bf\u2021\u00e6\u017d\u02c6\u00e6\u009d\u0192\u00e4\u00bb\u00a3\u00e7\u0090\u2020\u00e4\u00ba\u00ba\u00e4\u00bc\u00a0\u00e9\u20ac\u2019\u00e3\u20ac\u201a<\/p>\n<h2>\u00e6\u00a0\u2021\u00e5\u2021\u2020\u00e5\u00b0\u00bd\u00e8\u0081\u0152\u00e8\u00b0\u0192\u00e6\u0178\u00a5\u00e8\u00a6\u0081\u00e6\u00b1\u201a<\/h2>\n<p>\u00e7\u201d\u00b3\u00e8\u00af\u00b7\u00e4\u00ba\u00ba\u00e9\u0153\u20ac\u00e6\u201d\u00af\u00e4\u00bb\u02dc\u00e4\u00bb\u00a5\u00e4\u00b8\u2039\u00e6\u00a0\u2021\u00e5\u2021\u2020\u00e7\u0161\u201e\u00e5\u00b0\u00bd\u00e8\u0081\u0152\u00e8\u00b0\u0192\u00e6\u0178\u00a5\u00e8\u00b4\u00b9\u00e7\u201d\u00a8\u00ef\u00bc\u0161<\/p>\n<table style=\"width:100%; max-width:100%;\">\n<tbody>\n<tr>\n<td>\u00e4\u00b8\u00bb\u00e7\u201d\u00b3\u00e8\u00af\u00b7\u00e4\u00ba\u00ba\u00ef\u00bc\u0161<\/td>\n<td>7,500\u00e7\u00be\u017d\u00e9\u2021\u2018<\/td>\n<\/tr>\n<tr>\n<td>\u00e9\u2026\u008d\u00e5\u0081\u00b6\u00ef\u00bc\u0161<\/td>\n<td>4,000\u00e7\u00be\u017d\u00e9\u2021\u2018<\/td>\n<\/tr>\n<tr>\n<td>\u00e6\u00af\u008f\u00e4\u00bd\u008d16\u00e5\u00b2\u0081\u00e5\u008f\u0160\u00e4\u00bb\u00a5\u00e4\u00b8\u0160\u00e7\u0161\u201e\u00e9\u2122\u201e\u00e5\u00b1\u017e\u00e7\u201d\u00b3\u00e8\u00af\u00b7\u00e4\u00ba\u00ba\u00ef\u00bc\u0161<\/td>\n<td>4,000\u00e7\u00be\u017d\u00e9\u2021\u2018<\/td>\n<\/tr>\n<\/tbody>\n<\/table>\n<p><strong>\u00e5\u0160\u00a0\u00e5\u00bc\u00ba\u00e5\u00b0\u00bd\u00e8\u0081\u0152\u00e8\u00b0\u0192\u00e6\u0178\u00a5\u00e8\u00b4\u00b9\u00e7\u201d\u00a8\u00e4\u00bb\u2026\u00e9\u20ac\u201a\u00e7\u201d\u00a8\u00e4\u00ba\u017d\u00e4\u00bc\u0160\u00e6\u0153\u2014\u00e7\u201d\u00b3\u00e8\u00af\u00b7\u00e4\u00ba\u00ba\u00e3\u20ac\u201a<\/strong><\/p>\n<h2>\u00e5\u0160\u00a0\u00e5\u00bc\u00ba\u00e5\u00b0\u00bd\u00e8\u0081\u0152\u00e8\u00b0\u0192\u00e6\u0178\u00a5<\/h2>\n<p>\u00e6\u2030\u20ac\u00e6\u0153\u2030\u00e4\u00bc\u0160\u00e6\u0153\u2014\u00e7\u201d\u00b3\u00e8\u00af\u00b7\u00e4\u00ba\u00ba\u00e5\u009d\u2021\u00e9\u0153\u20ac\u00e6\u017d\u00a5\u00e5\u008f\u2014\u00e5\u0160\u00a0\u00e5\u00bc\u00ba\u00e5\u00b0\u00bd\u00e8\u0081\u0152\u00e8\u00b0\u0192\u00e6\u0178\u00a5\u00e3\u20ac\u201a <\/p>\n<p>\u00e4\u00bc\u0160\u00e6\u0153\u2014\u00e7\u201d\u00b3\u00e8\u00af\u00b7\u00e4\u00ba\u00ba\u00e5\u0152\u2026\u00e6\u2039\u00ac\u00ef\u00bc\u0161<\/p>\n<ul>\n<li>\u00e6\u02dc\u00af\u00e4\u00bc\u0160\u00e6\u0153\u2014\u00e4\u00bc\u0160\u00e6\u2013\u00af\u00e5\u2026\u00b0\u00e5\u2026\u00b1\u00e5\u2019\u0152\u00e5\u203a\u00bd\u00e5\u2026\u00ac\u00e6\u00b0\u2018\u00e7\u0161\u201e\u00e7\u201d\u00b3\u00e8\u00af\u00b7\u00e4\u00ba\u00ba\u00ef\u00bc\u203a\u00e4\u00bb\u00a5\u00e5\u008f\u0160<\/li>\n<li>\u00e5\u0153\u00a8\u00e4\u00bc\u0160\u00e6\u0153\u2014\u00e4\u00bc\u0160\u00e6\u2013\u00af\u00e5\u2026\u00b0\u00e5\u2026\u00b1\u00e5\u2019\u0152\u00e5\u203a\u00bd\u00e6\u0153\u2030\u00e4\u00bd\u008f\u00e6\u2030\u20ac\u00e7\u0161\u201e\u00e7\u201d\u00b3\u00e8\u00af\u00b7\u00e4\u00ba\u00ba\u00e3\u20ac\u201a<\/li>\n<\/ul>\n<h3>\u00e4\u00bc\u0160\u00e6\u0153\u2014\u00e7\u201d\u00b3\u00e8\u00af\u00b7\u00e4\u00ba\u00ba\u00e9\u0153\u20ac\u00e6\u201d\u00af\u00e4\u00bb\u02dc\u00e4\u00bb\u00a5\u00e4\u00b8\u2039\u00e5\u0160\u00a0\u00e5\u00bc\u00ba\u00e5\u00b0\u00bd\u00e8\u0081\u0152\u00e8\u00b0\u0192\u00e6\u0178\u00a5\u00e8\u00b4\u00b9\u00e7\u201d\u00a8\u00ef\u00bc\u0161<\/h3>\n<table style=\"width:100%; max-width:100%;  \">\n<tbody>\n<tr>\n<td>\u00e4\u00b8\u00bb\u00e7\u201d\u00b3\u00e8\u00af\u00b7\u00e4\u00ba\u00ba<\/td>\n<p>\u00ef\u00bc\u0161<\/p>\n<td>25,000\u00e7\u00be\u017d\u00e9\u2021\u2018<\/td>\n<\/tr>\n<tr>\n<td>\u00e9\u2026\u008d\u00e5\u0081\u00b6\u00ef\u00bc\u0161<\/td>\n<td>15,000\u00e7\u00be\u017d\u00e9\u2021\u2018<\/td>\n<\/tr>\n<tr>\n<td>\u00e6\u00af\u008f\u00e4\u00bd\u008d16\u00e5\u00b2\u0081\u00e5\u008f\u0160\u00e4\u00bb\u00a5\u00e4\u00b8\u0160\u00e7\u0161\u201e\u00e9\u2122\u201e\u00e5\u00b1\u017e\u00e7\u201d\u00b3\u00e8\u00af\u00b7\u00e4\u00ba\u00ba\u00ef\u00bc\u0161<\/td>\n<td>15,000\u00e7\u00be\u017d\u00e9\u2021\u2018<\/td>\n<\/tr>\n<tr>\n<td>\u00e6\u00af\u008f\u00e4\u00bd\u008d12\u00e8\u2021\u00b315\u00e5\u00b2\u0081\u00e7\u0161\u201e\u00e9\u2122\u201e\u00e5\u00b1\u017e\u00e7\u201d\u00b3\u00e8\u00af\u00b7\u00e4\u00ba\u00ba<\/td>\n<td>\u00ef\u00bc\u016110,000\u00e7\u00be\u017d\u00e9\u2021\u2018<\/td>\n<\/tr>\n<\/tbody>\n<\/table>\n<p>\u00e4\u00b8\u0160\u00e8\u00bf\u00b0\u00e5\u0160\u00a0\u00e5\u00bc\u00ba\u00e5\u00b0\u00bd\u00e8\u0081\u0152\u00e8\u00b0\u0192\u00e6\u0178\u00a5\u00e8\u00b4\u00b9\u00e7\u201d\u00a8\u00e5\u0152\u2026\u00e5\u0090\u00ab\u00e4\u00ba\u2020\u00e4\u00b8\u00bb\u00e7\u201d\u00b3\u00e8\u00af\u00b7\u00e4\u00ba\u00ba<strong>7,500\u00e7\u00be\u017d\u00e9\u2021\u2018<\/strong>\u00e7\u0161\u201e\u00e6\u00a0\u2021\u00e5\u2021\u2020\u00e5\u00b0\u00bd\u00e8\u0081\u0152\u00e8\u00b0\u0192\u00e6\u0178\u00a5\u00e8\u00b4\u00b9\u00e3\u20ac\u0081\u00e6\u00af\u008f\u00e4\u00bd\u008d16\u00e5\u00b2\u0081\u00e5\u008f\u0160\u00e4\u00bb\u00a5\u00e4\u00b8\u0160\u00e5\u00ae\u00b6\u00e5\u00b1\u017e<strong>4,000\u00e7\u00be\u017d\u00e9\u2021\u2018<\/strong>\u00e7\u0161\u201e\u00e6\u00a0\u2021\u00e5\u2021\u2020\u00e5\u00b0\u00bd\u00e8\u0081\u0152\u00e8\u00b0\u0192\u00e6\u0178\u00a5\u00e8\u00b4\u00b9\u00ef\u00bc\u0152\u00e4\u00bb\u00a5\u00e5\u008f\u0160\u00e5\u00bc\u00ba\u00e5\u02c6\u00b6\u00e6\u20ac\u00a7\u00e9\u009d\u00a2\u00e8\u00af\u2022\u00e8\u00b4\u00b9\u00e3\u20ac\u201a \u00e5\u203a\u00a0\u00e6\u00ad\u00a4\u00ef\u00bc\u0152\u00e6\u2030\u20ac\u00e6\u0153\u2030\u00e4\u00bc\u0160\u00e6\u0153\u2014\u00e7\u201d\u00b3\u00e8\u00af\u00b7\u00e4\u00ba\u00ba\u00e6\u2014\u00a0\u00e9\u0153\u20ac\u00e5\u0153\u00a8\u00e4\u00b8\u0160\u00e8\u00bf\u00b0\u00e5\u0160\u00a0\u00e5\u00bc\u00ba\u00e5\u00b0\u00bd\u00e8\u0081\u0152\u00e8\u00b0\u0192\u00e6\u0178\u00a5\u00e8\u00b4\u00b9\u00e7\u201d\u00a8\u00e4\u00b9\u2039\u00e5\u00a4\u2013\u00ef\u00bc\u0152\u00e5\u008f\u00a6\u00e8\u00a1\u0152\u00e6\u201d\u00af\u00e4\u00bb\u02dc\u00e6\u00a0\u2021\u00e5\u2021\u2020\u00e5\u00b0\u00bd\u00e8\u0081\u0152\u00e8\u00b0\u0192\u00e6\u0178\u00a5\u00e8\u00b4\u00b9\u00e6\u02c6\u2013\u00e5\u00bc\u00ba\u00e5\u02c6\u00b6\u00e6\u20ac\u00a7\u00e9\u009d\u00a2\u00e8\u00af\u2022\u00e8\u00b4\u00b9\u00e3\u20ac\u201a<\/p>\n","protected":false},"excerpt":{"rendered":"<p>\u00e5\u0160\u00a0\u00e5\u00bc\u00ba\u00e5\u00b0\u00bd\u00e8\u0081\u0152\u00e8\u00b0\u0192\u00e6\u0178\u00a5 \u00e5\u00b0\u00bd\u00e8\u0081\u0152\u00e8\u00b0\u0192\u00e6\u0178\u00a5\u00e8\u00a6\u0081\u00e6\u00b1\u201a \u00e5\u00bc\u00ba\u00e5\u02c6\u00b6\u00e9\u009d\u00a2\u00e8\u00af\u2022 \u00e6\u2030\u20ac\u00e6\u0153\u2030\u00e5\u00b9\u00b4\u00e6\u00bb\u00a116\u00e5\u00b2\u0081\u00e7\u0161\u201e\u00e7\u201d\u00b3\u00e8\u00af\u00b7\u00e4\u00ba\u00ba\u00e5\u00bf\u2026\u00e9\u00a1\u00bb\u00e5\u008f\u201a\u00e5\u0160\u00a0\u00e4\u00b8\u20ac\u00e6\u00ac\u00a1\u00e5\u00bc\u00ba\u00e5\u02c6\u00b6\u00e9\u009d\u00a2\u00e8\u00af\u2022 \u00e5\u0153\u00a8\u00e6\u00ad\u00a4\u00e6\u0153\u0178\u00e9\u2014\u00b4\u00ef\u00bc\u0152\u00e7\u00ac\u00ac\u00e4\u00b8\u2030\u00e6\u2013\u00b9\u00e5\u00b0\u00bd\u00e8\u0081\u0152\u00e8\u00b0\u0192\u00e6\u0178\u00a5\u00e6\u0153\u00ba\u00e6\u017e\u201e\u00e5\u00b0\u2020\u00e5\u00af\u00b9\u00e6\u201a\u00a8\u00e6\u008f\u0090\u00e4\u00be\u203a\u00e7\u0161\u201e\u00e4\u00bf\u00a1\u00e6\u0081\u00af\u00e8\u00bf\u203a\u00e8\u00a1\u0152\u00e4\u00b8\u00a5\u00e6\u00a0\u00bc\u00e7\u0161\u201e\u00e8\u0192\u0152\u00e6\u2122\u00af\u00e8\u00b0\u0192\u00e6\u0178\u00a5 \u00e5\u00bc\u00ba\u00e5\u02c6\u00b6\u00e6\u20ac\u00a7\u00e9\u009d\u00a2\u00e8\u00af\u2022\u00e8\u00b4\u00b9\u00e7\u201d\u00a8\u00e4\u00b8\u00ba\u00e6\u00af\u008f\u00e6\u00ac\u00a1\u00e9\u009d\u00a2\u00e8\u00af\u20221,000\u00e7\u00be\u017d\u00e9\u2021\u2018 \u00e9\u009d\u00a2\u00e8\u00af\u2022\u00e5\u00b0\u2020\u00e9\u20ac\u0161\u00e8\u00bf\u2021\u00e5\u00ae\u2030\u00e5\u2026\u00a8\u00e5\u00b9\u00b3\u00e5\u008f\u00b0\u00e4\u00bb\u00a5\u00e8\u2122\u0161\u00e6\u2039\u0178\u00e7\u0161\u201e\u00e6\u2013\u00b9\u00e5\u00bc\u008f\u00e8\u00bf\u203a\u00e8\u00a1\u0152 \u00e7\u201d\u00b3\u00e8\u00af\u00b7\u00e4\u00ba\u00ba\u00e5\u00b0\u2020\u00e7\u201d\u00b1\u00e6\u017d\u02c6\u00e6\u009d\u0192\u00e7\u0161\u201e\u00e9\u009d\u00a2\u00e8\u00af\u2022\u00e5\u00ae\u02dc\u00e7\u203a\u00b4\u00e6\u017d\u00a5\u00e8\u0081\u201d\u00e7\u00b3\u00bb\u00ef\u00bc\u0152\u00e5\u00ae\u2030\u00e6\u017d\u2019\u00e9\u009d\u00a2\u00e8\u00af\u2022\u00e6\u2014\u00b6\u00e9\u2014\u00b4 \u00e9\u0161\u008f\u00e5\u0090\u017d\u00ef\u00bc\u0152\u00e7\u201d\u00b3\u00e8\u00af\u00b7\u00e4\u00ba\u00ba\u00e5\u008f\u0160\u00e5\u2026\u00b6\u00e5\u00ae\u00b6\u00e5\u00b1\u017e\u00e5\u00b0\u2020\u00e5\u008f\u201a\u00e5\u0160\u00a0\u00e8\u2122\u0161\u00e6\u2039\u0178\u00e9\u009d\u00a2\u00e8\u00af\u2022\u00ef\u00bc\u203a\u00e6\u017d\u02c6\u00e6\u009d\u0192\u00e4\u00bb\u00a3\u00e7\u0090\u2020\u00e4\u00ba\u00ba\u00e6\u02c6\u2013\u00e6\u0152\u0081\u00e7\u2030\u0152\u00e6\u017d\u00a8\u00e5\u00b9\u00bf\u00e4\u00ba\u00ba\u00e5\u2018\u02dc\u00e4\u00b8\u008d\u00e5\u00be\u2014\u00e4\u00bb\u00a3\u00e6\u203a\u00bf\u00e4\u00bb\u2013\u00e4\u00bb\u00ac\u00e5\u2021\u00ba\u00e5\u00b8\u00ad\u00e9\u009d\u00a2\u00e8\u00af\u2022\u00e3\u20ac\u201a \u00e6\u2030\u20ac\u00e6\u0153\u2030\u00e7\u201d\u00b3\u00e8\u00af\u00b7\u00e4\u00ba\u00ba\u00e5\u00bf\u2026\u00e9\u00a1\u00bb\u00e6\u0152\u0081\u00e6\u0153\u2030\u00e8\u00ba\u00ab\u00e4\u00bb\u00bd\u00e8\u00af\u0081\u00e6\u02dc\u017d\u00e6\u2013\u2021\u00e4\u00bb\u00b6\u00e5\u008f\u0160\u00e9\u009d\u00a2\u00e8\u00af\u2022\u00e6\u2030\u20ac\u00e9\u0153\u20ac\u00e7\u0161\u201e\u00e6\u201d\u00af\u00e6\u0152\u0081\u00e6\u2013\u2021\u00e4\u00bb\u00b6\u00e3\u20ac\u201a \u00e9\u009d\u00a2\u00e8\u00af\u2022\u00e5\u00b0\u2020\u00e4\u00bb\u00a5\u00e7\u201d\u00b3\u00e8\u00af\u00b7\u00e4\u00ba\u00ba\u00e7\u0161\u201e\u00e6\u00af\u008d\u00e8\u00af\u00ad\u00e6\u02c6\u2013\u00e5\u2026\u00b6\u00e9\u20ac\u2030\u00e6\u2039\u00a9\u00e7\u0161\u201e\u00e8\u00af\u00ad\u00e8\u00a8\u20ac\u00e8\u00bf\u203a\u00e8\u00a1\u0152\u00e3\u20ac\u201a\u00e6\u2030\u20ac\u00e6\u0153\u203016\u00e5\u00b2\u0081\u00e5\u008f\u0160\u00e4\u00bb\u00a5\u00e4\u00b8\u0160\u00e7\u0161\u201e\u00e7\u201d\u00b3\u00e8\u00af\u00b7\u00e4\u00ba\u00ba\u00e5\u009d\u2021\u00e9\u0153\u20ac\u00e5\u008f\u201a\u00e5\u0160\u00a0\u00e9\u009d\u00a2\u00e8\u00af\u2022\u00ef\u00bc\u203a\u00e6\u2014\u00a0\u00e6\u00b3\u2022\u00e4\u00b8\u017d\u00e5\u00ae\u00b6\u00e4\u00ba\u00ba\u00e4\u00b8\u20ac\u00e5\u0090\u0152\u00e5\u008f\u201a\u00e5\u0160\u00a0\u00e7\u0161\u201e\u00e7\u201d\u00b3\u00e8\u00af\u00b7\u00e4\u00ba\u00ba\u00e9\u0153\u20ac\u00e6\u201d\u00af\u00e4\u00bb\u02dc\u00e9\u00a2\u009d\u00e5\u00a4\u2013\u00e9\u009d\u00a2\u00e8\u00af\u2022\u00e8\u00b4\u00b9\u00e7\u201d\u00a8\u00e3\u20ac\u201a \u00e9\u009d\u00a2\u00e8\u00af\u2022\u00e4\u00b8\u00ad\u00e8\u00a6\u0081\u00e6\u00b1\u201a\u00e6\u008f\u0090\u00e4\u00ba\u00a4\u00e7\u0161\u201e\u00e6\u2013\u2021\u00e4\u00bb\u00b6\u00e5\u00b0\u2020\u00e9\u20ac\u0161\u00e8\u00bf\u2021\u00e6\u017d\u02c6\u00e6\u009d\u0192\u00e4\u00bb\u00a3\u00e7\u0090\u2020\u00e4\u00ba\u00ba\u00e4\u00bc\u00a0\u00e9\u20ac\u2019\u00e3\u20ac\u201a \u00e6\u00a0\u2021\u00e5\u2021\u2020\u00e5\u00b0\u00bd\u00e8\u0081\u0152\u00e8\u00b0\u0192\u00e6\u0178\u00a5\u00e8\u00a6\u0081\u00e6\u00b1\u201a \u00e7\u201d\u00b3\u00e8\u00af\u00b7\u00e4\u00ba\u00ba\u00e9\u0153\u20ac\u00e6\u201d\u00af\u00e4\u00bb\u02dc\u00e4\u00bb\u00a5\u00e4\u00b8\u2039\u00e6\u00a0\u2021\u00e5\u2021\u2020\u00e7\u0161\u201e\u00e5\u00b0\u00bd\u00e8\u0081\u0152\u00e8\u00b0\u0192\u00e6\u0178\u00a5\u00e8\u00b4\u00b9\u00e7\u201d\u00a8\u00ef\u00bc\u0161 \u00e4\u00b8\u00bb\u00e7\u201d\u00b3\u00e8\u00af\u00b7\u00e4\u00ba\u00ba\u00ef\u00bc\u0161 7,500\u00e7\u00be\u017d\u00e9\u2021\u2018 \u00e9\u2026\u008d\u00e5\u0081\u00b6\u00ef\u00bc\u0161 4,000\u00e7\u00be\u017d\u00e9\u2021\u2018 \u00e6\u00af\u008f\u00e4\u00bd\u008d16\u00e5\u00b2\u0081\u00e5\u008f\u0160\u00e4\u00bb\u00a5\u00e4\u00b8\u0160\u00e7\u0161\u201e\u00e9\u2122\u201e\u00e5\u00b1\u017e\u00e7\u201d\u00b3\u00e8\u00af\u00b7\u00e4\u00ba\u00ba\u00ef\u00bc\u0161 4,000\u00e7\u00be\u017d\u00e9\u2021\u2018 \u00e5\u0160\u00a0\u00e5\u00bc\u00ba\u00e5\u00b0\u00bd\u00e8\u0081\u0152\u00e8\u00b0\u0192\u00e6\u0178\u00a5\u00e8\u00b4\u00b9\u00e7\u201d\u00a8\u00e4\u00bb\u2026\u00e9\u20ac\u201a\u00e7\u201d\u00a8\u00e4\u00ba\u017d\u00e4\u00bc\u0160\u00e6\u0153\u2014\u00e7\u201d\u00b3\u00e8\u00af\u00b7\u00e4\u00ba\u00ba\u00e3\u20ac\u201a \u00e5\u0160\u00a0\u00e5\u00bc\u00ba\u00e5\u00b0\u00bd\u00e8\u0081\u0152\u00e8\u00b0\u0192\u00e6\u0178\u00a5 \u00e6\u2030\u20ac\u00e6\u0153\u2030\u00e4\u00bc\u0160\u00e6\u0153\u2014\u00e7\u201d\u00b3\u00e8\u00af\u00b7\u00e4\u00ba\u00ba\u00e5\u009d\u2021\u00e9\u0153\u20ac\u00e6\u017d\u00a5\u00e5\u008f\u2014\u00e5\u0160\u00a0\u00e5\u00bc\u00ba\u00e5\u00b0\u00bd\u00e8\u0081\u0152\u00e8\u00b0\u0192\u00e6\u0178\u00a5\u00e3\u20ac\u201a \u00e4\u00bc\u0160\u00e6\u0153\u2014\u00e7\u201d\u00b3\u00e8\u00af\u00b7\u00e4\u00ba\u00ba\u00e5\u0152\u2026\u00e6\u2039\u00ac\u00ef\u00bc\u0161 \u00e6\u02dc\u00af\u00e4\u00bc\u0160\u00e6\u0153\u2014\u00e4\u00bc\u0160\u00e6\u2013\u00af\u00e5\u2026\u00b0\u00e5\u2026\u00b1\u00e5\u2019\u0152\u00e5\u203a\u00bd\u00e5\u2026\u00ac\u00e6\u00b0\u2018\u00e7\u0161\u201e\u00e7\u201d\u00b3\u00e8\u00af\u00b7\u00e4\u00ba\u00ba\u00ef\u00bc\u203a\u00e4\u00bb\u00a5\u00e5\u008f\u0160 \u00e5\u0153\u00a8\u00e4\u00bc\u0160\u00e6\u0153\u2014\u00e4\u00bc\u0160\u00e6\u2013\u00af\u00e5\u2026\u00b0\u00e5\u2026\u00b1\u00e5\u2019\u0152\u00e5\u203a\u00bd\u00e6\u0153\u2030\u00e4\u00bd\u008f\u00e6\u2030\u20ac\u00e7\u0161\u201e\u00e7\u201d\u00b3\u00e8\u00af\u00b7\u00e4\u00ba\u00ba\u00e3\u20ac\u201a \u00e4\u00bc\u0160\u00e6\u0153\u2014\u00e7\u201d\u00b3\u00e8\u00af\u00b7\u00e4\u00ba\u00ba\u00e9\u0153\u20ac\u00e6\u201d\u00af\u00e4\u00bb\u02dc\u00e4\u00bb\u00a5\u00e4\u00b8\u2039\u00e5\u0160\u00a0\u00e5\u00bc\u00ba\u00e5\u00b0\u00bd\u00e8\u0081\u0152\u00e8\u00b0\u0192\u00e6\u0178\u00a5\u00e8\u00b4\u00b9\u00e7\u201d\u00a8\u00ef\u00bc\u0161 \u00e4\u00b8\u00bb\u00e7\u201d\u00b3\u00e8\u00af\u00b7\u00e4\u00ba\u00ba \u00ef\u00bc\u0161 25,000\u00e7\u00be\u017d\u00e9\u2021\u2018 \u00e9\u2026\u008d\u00e5\u0081\u00b6\u00ef\u00bc\u0161 15,000\u00e7\u00be\u017d\u00e9\u2021\u2018 \u00e6\u00af\u008f\u00e4\u00bd\u008d16\u00e5\u00b2\u0081\u00e5\u008f\u0160\u00e4\u00bb\u00a5\u00e4\u00b8\u0160\u00e7\u0161\u201e\u00e9\u2122\u201e\u00e5\u00b1\u017e\u00e7\u201d\u00b3\u00e8\u00af\u00b7\u00e4\u00ba\u00ba\u00ef\u00bc\u0161 15,000\u00e7\u00be\u017d\u00e9\u2021\u2018 \u00e6\u00af\u008f\u00e4\u00bd\u008d12\u00e8\u2021\u00b315\u00e5\u00b2\u0081\u00e7\u0161\u201e\u00e9\u2122\u201e\u00e5\u00b1\u017e\u00e7\u201d\u00b3\u00e8\u00af\u00b7\u00e4\u00ba\u00ba \u00ef\u00bc\u016110,000\u00e7\u00be\u017d\u00e9\u2021\u2018 \u00e4\u00b8\u0160\u00e8\u00bf\u00b0\u00e5\u0160\u00a0\u00e5\u00bc\u00ba\u00e5\u00b0\u00bd\u00e8\u0081\u0152\u00e8\u00b0\u0192\u00e6\u0178\u00a5\u00e8\u00b4\u00b9\u00e7\u201d\u00a8\u00e5\u0152\u2026\u00e5\u0090\u00ab\u00e4\u00ba\u2020\u00e4\u00b8\u00bb\u00e7\u201d\u00b3\u00e8\u00af\u00b7\u00e4\u00ba\u00ba7,500\u00e7\u00be\u017d\u00e9\u2021\u2018\u00e7\u0161\u201e\u00e6\u00a0\u2021\u00e5\u2021\u2020\u00e5\u00b0\u00bd\u00e8\u0081\u0152\u00e8\u00b0\u0192\u00e6\u0178\u00a5\u00e8\u00b4\u00b9\u00e3\u20ac\u0081\u00e6\u00af\u008f\u00e4\u00bd\u008d16\u00e5\u00b2\u0081\u00e5\u008f\u0160\u00e4\u00bb\u00a5\u00e4\u00b8\u0160\u00e5\u00ae\u00b6\u00e5\u00b1\u017e4,000\u00e7\u00be\u017d\u00e9\u2021\u2018\u00e7\u0161\u201e\u00e6\u00a0\u2021\u00e5\u2021\u2020\u00e5\u00b0\u00bd\u00e8\u0081\u0152\u00e8\u00b0\u0192\u00e6\u0178\u00a5\u00e8\u00b4\u00b9\u00ef\u00bc\u0152\u00e4\u00bb\u00a5\u00e5\u008f\u0160\u00e5\u00bc\u00ba\u00e5\u02c6\u00b6\u00e6\u20ac\u00a7\u00e9\u009d\u00a2\u00e8\u00af\u2022\u00e8\u00b4\u00b9\u00e3\u20ac\u201a \u00e5\u203a\u00a0\u00e6\u00ad\u00a4\u00ef\u00bc\u0152\u00e6\u2030\u20ac\u00e6\u0153\u2030\u00e4\u00bc\u0160\u00e6\u0153\u2014\u00e7\u201d\u00b3\u00e8\u00af\u00b7\u00e4\u00ba\u00ba\u00e6\u2014\u00a0\u00e9\u0153\u20ac\u00e5\u0153\u00a8\u00e4\u00b8\u0160\u00e8\u00bf\u00b0\u00e5\u0160\u00a0\u00e5\u00bc\u00ba\u00e5\u00b0\u00bd\u00e8\u0081\u0152\u00e8\u00b0\u0192\u00e6\u0178\u00a5\u00e8\u00b4\u00b9\u00e7\u201d\u00a8\u00e4\u00b9\u2039\u00e5\u00a4\u2013\u00ef\u00bc\u0152\u00e5\u008f\u00a6\u00e8\u00a1\u0152\u00e6\u201d\u00af\u00e4\u00bb\u02dc\u00e6\u00a0\u2021\u00e5\u2021\u2020\u00e5\u00b0\u00bd\u00e8\u0081\u0152\u00e8\u00b0\u0192\u00e6\u0178\u00a5\u00e8\u00b4\u00b9\u00e6\u02c6\u2013\u00e5\u00bc\u00ba\u00e5\u02c6\u00b6\u00e6\u20ac\u00a7\u00e9\u009d\u00a2\u00e8\u00af\u2022\u00e8\u00b4\u00b9\u00e3\u20ac\u201a<\/p>\n","protected":false},"author":8,"featured_media":0,"parent":11447,"menu_order":0,"comment_status":"closed","ping_status":"closed","template":"","meta":{"footnotes":""},"class_list":["post-11375","page","type-page","status-publish","hentry"],"_links":{"self":[{"href":"https:\/\/simplydev.co\/dominica\/wp-json\/wp\/v2\/pages\/11375","targetHints":{"allow":["GET"]}}],"collection":[{"href":"https:\/\/simplydev.co\/dominica\/wp-json\/wp\/v2\/pages"}],"about":[{"href":"https:\/\/simplydev.co\/dominica\/wp-json\/wp\/v2\/types\/page"}],"author":[{"embeddable":true,"href":"https:\/\/simplydev.co\/dominica\/wp-json\/wp\/v2\/users\/8"}],"replies":[{"embeddable":true,"href":"https:\/\/simplydev.co\/dominica\/wp-json\/wp\/v2\/comments?post=11375"}],"version-history":[{"count":0,"href":"https:\/\/simplydev.co\/dominica\/wp-json\/wp\/v2\/pages\/11375\/revisions"}],"up":[{"embeddable":true,"href":"https:\/\/simplydev.co\/dominica\/wp-json\/wp\/v2\/pages\/11447"}],"wp:attachment":[{"href":"https:\/\/simplydev.co\/dominica\/wp-json\/wp\/v2\/media?parent=11375"}],"curies":[{"name":"wp","href":"https:\/\/api.w.org\/{rel}","templated":true}]}}