{"id":11392,"date":"2023-07-19T07:31:31","date_gmt":"2023-07-19T07:31:31","guid":{"rendered":"https:\/\/cbiu.gov.dm\/%e8%a6%81%e6%b1%82%e6%96%87%e4%bb%b6\/"},"modified":"2024-10-31T12:51:02","modified_gmt":"2024-10-31T12:51:02","slug":"%e8%a6%81%e6%b1%82%e6%96%87%e4%bb%b6","status":"publish","type":"page","link":"https:\/\/simplydev.co\/dominica\/%e5%a4%9a%e7%b1%b3%e5%b0%bc%e5%85%8b%e5%85%ac%e6%b0%91%e8%ba%ab%e4%bb%bd\/%e8%a6%81%e6%b1%82%e6%96%87%e4%bb%b6\/","title":{"rendered":"\u00e8\u00a6\u0081\u00e6\u00b1\u201a\u00e6\u2013\u2021\u00e4\u00bb\u00b6"},"content":{"rendered":"<h1>\u00e8\u00a6\u0081\u00e6\u00b1\u201a\u00e6\u2013\u2021\u00e4\u00bb\u00b6<\/h1>\n<h6><a href=\"https:\/\/cbiu.gov.dm\/zh-hans\/\">\u00e9\u00a6\u2013\u00e9\u00a1\u00b5<\/a> \u00e8\u00a6\u0081\u00e6\u00b1\u201a\u00e6\u2013\u2021\u00e4\u00bb\u00b6<\/h6>\n<h2>\u00e8\u00a6\u0081\u00e6\u00b1\u201a\u00e6\u2013\u2021\u00e4\u00bb\u00b6<\/h2>\n<ul>\n<li>\n\t\t\t\t\t\t\t\t\t\t\u00e6\u0160\u00ab\u00e9\u0153\u00b2\u00e8\u00a1\u00a8\u00e6\u00a0\u00bc\n\t\t\t\t\t\t\t\t\t<\/li>\n<li>\n\t\t\t\t\t\t\t\t\t\t\u00e6\u0153\u2030\u00e6\u0152\u2021\u00e7\u00ba\u00b9\u00e5\u2019\u0152\u00e7\u2026\u00a7\u00e7\u2030\u2021\u00e7\u0161\u201e\u00e7\u201d\u00b3\u00e8\u00af\u00b7\u00e7\u00a1\u00ae\u00e8\u00ae\u00a4\u00e4\u00b9\u00a6\u00ef\u00bc\u02c6\u00e9\u0153\u20ac\u00e5\u0153\u00a8\u00e6\u0152\u2021\u00e7\u00ba\u00b9\u00e5\u00ae\u02dc\u00e5\u2030\u008d\u00e5\u00ae\u0152\u00e6\u02c6\u0090\u00ef\u00bc\u2030\n\t\t\t\t\t\t\t\t\t<\/li>\n<li>\n\t\t\t\t\t\t\t\t\t\t\u00e5\u0152\u00bb\u00e5\u00ad\u00a6\u00e8\u00af\u0081\u00e6\u02dc\u017d\u00ef\u00bc\u02c6\u00e9\u0153\u20ac\u00e7\u00bb\u008f\u00e6\u0153\u2030\u00e6\u2030\u00a7\u00e7\u2026\u00a7\u00e7\u0161\u201e\u00e5\u0152\u00bb\u00e5\u00b8\u02c6\u00e5\u00a1\u00ab\u00e5\u2020\u2122\u00ef\u00bc\u2030\n\t\t\t\t\t\t\t\t\t<\/li>\n<li>\n\t\t\t\t\t\t\t\t\t\t\u00e6\u0160\u2022\u00e8\u00b5\u201e\u00e5\u008d\u008f\u00e8\u00ae\u00ae\u00ef\u00bc\u02c6\u00e4\u00bb\u2026\u00e9\u2122\u0090\u00e4\u00ba\u017d\u00e7\u00bb\u008f\u00e6\u00b5\u017d\u00e5\u00a4\u0161\u00e5\u2026\u0192\u00e5\u0152\u2013\u00e5\u0178\u00ba\u00e9\u2021\u2018\u00e9\u20ac\u2030\u00e9\u00a1\u00b9\u00ef\u00bc\u203a\u00e9\u0153\u20ac\u00e4\u00bb\u2026\u00e7\u201d\u00b1\u00e4\u00b8\u00bb\u00e7\u201d\u00b3\u00e8\u00af\u00b7\u00e4\u00ba\u00ba\u00e5\u00a1\u00ab\u00e5\u2020\u2122\u00ef\u00bc\u2030\n\t\t\t\t\t\t\t\t\t<\/li>\n<li>\n\t\t\t\t\t\t\t\t\t\t\u00e4\u00ba\u00a4\u00e6\u02dc\u201c\u00e5\u008d\u008f\u00e8\u00ae\u00ae\u00ef\u00bc\u02c6\u00e4\u00bb\u2026\u00e9\u2122\u0090\u00e6\u0160\u2022\u00e8\u00b5\u201e\u00e6\u02c6\u00bf\u00e5\u0153\u00b0\u00e4\u00ba\u00a7\u00e9\u20ac\u2030\u00e9\u00a1\u00b9\u00ef\u00bc\u2030\n\t\t\t\t\t\t\t\t\t<\/li>\n<li>\n\t\t\t\t\t\t\t\t\t\t2\u00e5\u00a5\u2014\u00e5\u00a1\u00ab\u00e5\u2020\u2122\u00e5\u00ae\u0152\u00e6\u2022\u00b4\u00e5\u00b9\u00b6\u00e7\u00bb\u008f\u00e5\u2026\u00ac\u00e8\u00af\u0081\u00e7\u0161\u201e\u00e8\u00a1\u00a8\u00e6\u00a0\u00bc12\n\t\t\t\t\t\t\t\t\t<\/li>\n<li>\n\t\t\t\t\t\t\t\t\t\t\u00e6\u0152\u0081\u00e6\u0153\u2030\u00e6\u0160\u00a4\u00e7\u2026\u00a7\u00e7\u0161\u201e\u00e5\u00bd\u00a9\u00e8\u2030\u00b2\u00e5\u00a4\u008d\u00e5\u008d\u00b0\u00e4\u00bb\u00b6\n\t\t\t\t\t\t\t\t\t<\/li>\n<li>\n\t\t\t\t\t\t\t\t\t\t\u00e5\u2021\u00ba\u00e7\u201d\u0178\u00e8\u00af\u0081\u00e6\u02dc\u017d\n\t\t\t\t\t\t\t\t\t<\/li>\n<li>\n\t\t\t\t\t\t\t\t\t\t\u00e5\u00a9\u0161\u00e5\u00a7\u00bb\u00e8\u00af\u0081\u00e6\u02dc\u017d\/\u00e8\u00a7\u00a3\u00e9\u2122\u00a4\u00e5\u00a9\u0161\u00e5\u00a7\u00bb\u00e5\u2026\u00b3\u00e7\u00b3\u00bb\u00e7\u0161\u201e\u00e8\u00af\u0081\u00e6\u02dc\u017d\u00ef\u00bc\u02c6\u00e8\u2039\u00a5\u00e9\u20ac\u201a\u00e7\u201d\u00a8\u00ef\u00bc\u2030\n\t\t\t\t\t\t\t\t\t<\/li>\n<li>\n\t\t\t\t\t\t\t\t\t\t\u00e5\u008d\u0081\u00e5\u2026\u00ad\u00e5\u2018\u00a8\u00e5\u00b2\u0081\u00e5\u008f\u0160\u00e4\u00bb\u00a5\u00e4\u00b8\u0160\u00e7\u0161\u201e\u00e6\u00af\u008f\u00e4\u00b8\u00aa\u00e7\u201d\u00b3\u00e8\u00af\u00b7\u00e4\u00ba\u00ba\u00e9\u0153\u20ac\u00e6\u008f\u0090\u00e4\u00be\u203a\u00e5\u2021\u00ba\u00e7\u201d\u0178\u00e5\u203a\u00bd\u00e5\u2019\u0152\u00e5\u00b1\u2026\u00e4\u00bd\u008f\u00e5\u203a\u00bd\u00ef\u00bc\u02c6\u00e5\u00a6\u201a\u00e6\u017e\u0153\u00e4\u00b8\u008d\u00e5\u0090\u0152\u00e7\u0161\u201e\u00e8\u00af\u009d\u00ef\u00bc\u2030\u00e6\u2013\u00b9\u00e7\u00ad\u00be\u00e5\u008f\u2018\u00e7\u0161\u201e\u00e5\u00b8\u00a6\u00e6\u0153\u2030\u00e6\u2030\u2039\u00e5\u008d\u00b0\u00e7\u0161\u201e\u00e8\u00ad\u00a6\u00e6\u2013\u00b9\u00e6\u2014\u00a0\u00e7\u0160\u00af\u00e7\u00bd\u00aa\u00e8\u00ae\u00b0\u00e5\u00bd\u2022\u00e8\u00af\u0081\u00e6\u02dc\u017d\u00e3\u20ac\u201a\u00e5\u00af\u00b9\u00e4\u00ba\u017d\u00e5\u008d\u0081\u00e4\u00ba\u0152\u00e8\u2021\u00b3\u00e5\u008d\u0081\u00e4\u00ba\u201d\u00e5\u2018\u00a8\u00e5\u00b2\u0081\u00e7\u0161\u201e\u00e5\u201e\u00bf\u00e7\u00ab\u00a5\u00ef\u00bc\u0152\u00e9\u0153\u20ac\u00e6\u008f\u0090\u00e4\u00be\u203a\u00e7\u02c6\u00b6\u00e6\u00af\u008d\u00e7\u0161\u201e\u00e5\u00ae\u00a3\u00e8\u00aa\u201c\u00e4\u00b9\u00a6\u00ef\u00bc\u0152\u00e5\u00ae\u00a3\u00e8\u00aa\u201c\u00e5\u00ad\u00a9\u00e5\u00ad\u0090\u00e6\u00b2\u00a1\u00e6\u0153\u2030\u00e7\u0160\u00af\u00e7\u00bd\u00aa\u00e8\u00ae\u00b0\u00e5\u00bd\u2022\u00e3\u20ac\u201a\n\t\t\t\t\t\t\t\t\t<\/li>\n<li>\n\t\t\t\t\t\t\t\t\t\t\u00e9\u00a9\u00be\u00e7\u2026\u00a7\u00e7\u0161\u201e\u00e5\u00bd\u00a9\u00e8\u2030\u00b2\u00e5\u00a4\u008d\u00e5\u008d\u00b0\u00e4\u00bb\u00b6\n\t\t\t\t\t\t\t\t\t<\/li>\n<li>\n\t\t\t\t\t\t\t\t\t\t\u00e6\u2030\u20ac\u00e6\u0153\u2030\u00e8\u00af\u0081\u00e6\u02dc\u017d\u00e8\u00ba\u00ab\u00e4\u00bb\u00bd\u00e7\u0161\u201e\u00e6\u2013\u2021\u00e4\u00bb\u00b6\u00e3\u20ac\u0081\u00e8\u00af\u0081\u00e4\u00bb\u00b6\u00e5\u00bd\u00a9\u00e8\u2030\u00b2\u00e5\u00a4\u008d\u00e5\u008d\u00b0\u00e4\u00bb\u00b6\n\t\t\t\t\t\t\t\t\t<\/li>\n<li>\n\t\t\t\t\t\t\t\t\t\t\u00e6\u2030\u20ac\u00e6\u0153\u2030\u00e5\u2026\u00b5\u00e5\u00bd\u00b9\u00e5\u2019\u0152\u00e9\u20ac\u20ac\u00e4\u00bc\u008d\u00e6\u2013\u2021\u00e4\u00bb\u00b6\u00e7\u0161\u201e\u00e5\u00bd\u00a9\u00e8\u2030\u00b2\u00e5\u00a4\u008d\u00e5\u008d\u00b0\u00e4\u00bb\u00b6\u00ef\u00bc\u0152\u00e8\u2039\u00a5\u00e9\u20ac\u201a\u00e7\u201d\u00a8\n\t\t\t\t\t\t\t\t\t<\/li>\n<li>\n\t\t\t\t\t\t\t\t\t\t\u00e6\u2030\u20ac\u00e6\u0153\u2030\u00e8\u00af\u0081\u00e6\u02dc\u017d\u00e5\u008f\u02dc\u00e6\u203a\u00b4\u00e5\u00a7\u201c\u00e5\u0090\u008d\u00ef\u00bc\u02c6\u00e9\u2122\u00a4\u00e4\u00ba\u2020\u00e5\u00a9\u0161\u00e5\u00a7\u00bb\u00e5\u017d\u0178\u00e5\u203a\u00a0\u00ef\u00bc\u2030\u00e6\u2013\u2021\u00e4\u00bb\u00b6\u00e7\u0161\u201e\u00e5\u00bd\u00a9\u00e8\u2030\u00b2\u00e5\u00a4\u008d\u00e5\u008d\u00b0\u00e4\u00bb\u00b6\u00ef\u00bc\u0152\u00e8\u2039\u00a5\u00e9\u20ac\u201a\u00e7\u201d\u00a8 8\u00e5\u00bc\u00a0\u00e6\u0160\u00a4\u00e7\u2026\u00a7\u00e5\u00a4\u00a7\u00e5\u00b0\u008f\u00e7\u0161\u201e\u00e7\u2026\u00a7\u00e7\u2030\u2021\n\t\t\t\t\t\t\t\t\t<\/li>\n<li>\n\t\t\t\t\t\t\t\t\t\t\u00e4\u00bd\u008f\u00e5\u009d\u20ac\u00e8\u00af\u0081\u00e6\u02dc\u017d\u00ef\u00bc\u02c6\u00e7\u00a7\u0178\u00e8\u00b5\u0081\u00e5\u0090\u02c6\u00e5\u0090\u0152\u00e6\u02c6\u2013\u00e7\u2030\u00a9\u00e4\u00b8\u0161\u00e8\u00b4\u00a6\u00e5\u008d\u2022\u00ef\u00bc\u2030\n\t\t\t\t\t\t\t\t\t<\/li>\n<li>\n\t\t\t\t\t\t\t\t\t\t\u00e5\u00a4\u00a7\u00e5\u00ad\u00a6\u00e6\u02c6\u2013\u00e5\u00a4\u00a7\u00e4\u00b8\u201c\u00e6\u2013\u2021\u00e5\u2021\u00ad\u00e5\u2026\u00ac\u00e8\u00af\u0081\u00e4\u00bb\u00b6\u00e7\u0161\u201e\u00e5\u00bd\u00a9\u00e8\u2030\u00b2\u00e5\u00a4\u008d\u00e5\u008d\u00b0\u00e4\u00bb\u00b6\n\t\t\t\t\t\t\t\t\t<\/li>\n<li>\n\t\t\t\t\t\t\t\t\t\t12\u00e8\u2021\u00b318\u00e5\u2018\u00a8\u00e5\u00b2\u0081\u00e7\u0161\u201e\u00e5\u201e\u00bf\u00e7\u00ab\u00a5\u00e9\u0153\u20ac\u00e6\u008f\u0090\u00e4\u00be\u203a\u00e6\u2030\u20ac\u00e5\u0153\u00a8\u00e5\u00ad\u00a6\u00e6\u00a0\u00a1\u00e6\u02c6\u2013\u00e5\u00a4\u00a7\u00e5\u00ad\u00a6\u00e6\u00a0\u00a1\u00e9\u2022\u00bf\u00e7\u0161\u201e\u00e6\u017d\u00a8\u00e8\u008d\u0090\u00e4\u00bf\u00a1\n\t\t\t\t\t\t\t\t\t<\/li>\n<li>\n\t\t\t\t\t\t\t\t\t\t18\u00e8\u2021\u00b330\u00e5\u00b2\u0081\u00e7\u0161\u201e\u00e5\u00ad\u0090\u00e5\u00a5\u00b3\u00e7\u0161\u201e\u00e6\u0160\u0161\u00e5\u2026\u00bb\u00e5\u2026\u00ac\u00e8\u00af\u0081\u00e4\u00b9\u00a6\n\t\t\t\t\t\t\t\t\t<\/li>\n<li>\n\t\t\t\t\t\t\t\t\t\tHIV\u00e6\u00a3\u20ac\u00e6\u00b5\u2039\u00e7\u00bb\u201c\u00e6\u017e\u0153\u00ef\u00bc\u02c6\u00e9\u2019\u02c6\u00e5\u00af\u00b9\u00e5\u00b9\u00b4\u00e6\u00bb\u00a112\u00e5\u00b2\u0081\u00e7\u0161\u201e\u00e6\u2030\u20ac\u00e6\u0153\u2030\u00e7\u201d\u00b3\u00e8\u00af\u00b7\u00e4\u00ba\u00ba\u00ef\u00bc\u2030\n\t\t\t\t\t\t\t\t\t<\/li>\n<li>\n\t\t\t\t\t\t\t\t\t\t\u00e5\u00b8\u00b8\u00e8\u00a7\u201e\u00e8\u00a1\u20ac\u00e6\u00a3\u20ac\u00e5\u2019\u0152\u00e5\u00b0\u00bf\u00e6\u00a3\u20ac\u00e7\u00bb\u201c\u00e6\u017e\u0153\n\t\t\t\t\t\t\t\t\t<\/li>\n<li>\n\t\t\t\t\t\t\t\t\t\t\u00e4\u00b8\u20ac\u00e4\u00bb\u00bd\u00e8\u0081\u0152\u00e4\u00b8\u0161\u00e6\u017d\u00a8\u00e8\u008d\u0090\u00e5\u2021\u00bd\n\t\t\t\t\t\t\t\t\t<\/li>\n<li>\n\t\t\t\t\t\t\t\t\t\t\u00e5\u00b7\u00a5\u00e4\u00bd\u0153\u00e8\u00af\u0081\u00e6\u02dc\u017d\/\u00e8\u00b4\u00a2\u00e5\u0160\u203a\u00e8\u00af\u0081\u00e6\u02dc\u017d\n\t\t\t\t\t\t\t\t\t<\/li>\n<li>\n\t\t\t\t\t\t\t\t\t\t\u00e8\u00b5\u201e\u00e9\u2021\u2018\u00e6\u009d\u00a5\u00e6\u00ba\u0090\u00e8\u00af\u0081\u00e6\u02dc\u017d\u00e4\u00b9\u00a6\n\t\t\t\t\t\t\t\t\t<\/li>\n<li>\n\t\t\t\t\t\t\t\t\t\t\u00e8\u00af\u00a6\u00e7\u00bb\u2020\u00e7\u0161\u201e\u00e5\u2022\u2020\u00e4\u00b8\u0161\u00e8\u0192\u0152\u00e6\u2122\u00af\u00e6\u0160\u00a5\u00e5\u2018\u0160\/\u00e7\u00ae\u20ac\u00e5\u017d\u2020\n\t\t\t\t\t\t\t\t\t<\/li>\n<li>\n\t\t\t\t\t\t\t\t\t\t\u00e8\u2021\u00b4\u00e9\u0192\u00a8\u00e9\u2022\u00bf\u00e7\u0161\u201e\u00e4\u00bf\u00a1\n\t\t\t\t\t\t\t\t\t<\/li>\n<li>\n\t\t\t\t\t\t\t\t\t\t\u00e6\u201d\u00af\u00e4\u00bb\u02dc\u00e7\u203a\u00b8\u00e5\u2026\u00b3\u00e8\u00b4\u00b9\u00e7\u201d\u00a8\u00e7\u0161\u201e\u00e5\u2021\u00ad\u00e8\u00af\u0081\n\t\t\t\t\t\t\t\t\t<\/li>\n<li>\n\t\t\t\t\t\t\t\t\t\t\u00e2\u20ac\u017d\u00e5\u0153\u00a8\u00e6\u008f\u0090\u00e4\u00ba\u00a4\u00e7\u201d\u00b3\u00e8\u00af\u00b7\u00e5\u2030\u008d\u00ef\u00bc\u0152\u00e6\u2030\u20ac\u00e6\u0153\u2030\u00e5\u00bd\u00a9\u00e8\u2030\u00b2\u00e5\u00a4\u008d\u00e5\u008d\u00b0\u00e4\u00bb\u00b6\u00e5\u00bf\u2026\u00e9\u00a1\u00bb\u00e7\u00bb\u008f\u00e8\u00bf\u2021\u00e5\u2026\u00ac\u00e8\u00af\u0081\u00e5\u2019\u0152\u00e6\u00b3\u2022\u00e5\u00be\u2039\u00e7\u00a8\u2039\u00e5\u00ba\u008f\u00ef\u00bc\u0152\u00e6\u2030\u20ac\u00e6\u0153\u2030\u00e9\u009d\u017e\u00e8\u2039\u00b1\u00e8\u00af\u00ad\u00e7\u0161\u201e\u00e6\u2013\u2021\u00e4\u00bb\u00b6\u00e5\u00bf\u2026\u00e9\u00a1\u00bb\u00e7\u00bb\u008f\u00e8\u00bf\u2021\u00e7\u00bf\u00bb\u00e8\u00af\u2018\u00e3\u20ac\u0081\u00e5\u2026\u00ac\u00e8\u00af\u0081\u00e3\u20ac\u0081\u00e5\u0090\u02c6\u00e6\u00b3\u2022\u00e5\u0152\u2013\u00e3\u20ac\u201a\u00e4\u00bb\u00a5\u00e4\u00b8\u2039\u00e6\u2013\u2021\u00e4\u00bb\u00b6\u00e8\u2021\u00aa2017\u00e5\u00b9\u00b45\u00e6\u0153\u02c61\u00e6\u2014\u00a5\u00e8\u00b5\u00b7\u00e4\u00b8\u008d\u00e5\u2020\u008d\u00e8\u00a2\u00ab\u00e8\u00a6\u0081\u00e6\u00b1\u201a\u00e6\u008f\u0090\u00e4\u00be\u203a\u00ef\u00bc\u0161\n\t\t\t\t\t\t\t\t\t<\/li>\n<li>\n\t\t\t\t\t\t\t\t\t\t\u00e2\u20ac\u017d\u00e9\u201c\u00b6\u00e8\u00a1\u0152\u00e6\u017d\u00a8\u00e8\u008d\u0090\u00e4\u00bf\u00a1\n\t\t\t\t\t\t\t\t\t<\/li>\n<li>\n\t\t\t\t\t\t\t\t\t\t\u00e2\u20ac\u017d\u00e2\u20ac\u017d\u00e4\u00b8\u00aa\u00e4\u00ba\u00ba\u00e6\u017d\u00a8\u00e8\u008d\u0090\u00e4\u00bf\u00a1\n\t\t\t\t\t\t\t\t\t<\/li>\n<li>\n\t\t\t\t\t\t\t\t\t\t\u00e2\u20ac\u017d\u00e7\u2013\u00ab\u00e8\u2039\u2014\u00e6\u017d\u00a5\u00e7\u00a7\u008d\u00e9\u00a2\u201e\u00e7\u00ba\u00a6\n\t\t\t\t\t\t\t\t\t<\/li>\n<li>\n\t\t\t\t\t\t\t\t\t\t\u00e2\u20ac\u017d\u00e5\u00ae\u00a1\u00e8\u00ae\u00a1\u00e8\u00b4\u00a2\u00e5\u0160\u00a1\u00e6\u0160\u00a5\u00e5\u2018\u0160\n\t\t\t\t\t\t\t\t\t<\/li>\n<\/ul>\n<p>\u00e4\u00bd\u2020\u00e6\u02dc\u00af\u00e6\u017d\u02c6\u00e6\u009d\u0192\u00e4\u00bb\u00a3\u00e7\u0090\u2020\u00e5\u00bf\u2026\u00e9\u00a1\u00bb\u00e5\u2018\u0160\u00e7\u0178\u00a5\u00e7\u201d\u00b3\u00e8\u00af\u00b7\u00e4\u00ba\u00ba\u00ef\u00bc\u0152\u00e8\u00bf\u203a\u00e4\u00b8\u00a4\u00e5\u00b9\u00b4\u00e6\u009d\u00a5\u00e5\u0153\u00a8\u00e8\u00bf\u203a\u00e8\u00a1\u0152\u00e8\u00bd\u00ac\u00e8\u00b4\u00a6\u00e6\u2014\u00b6\u00ef\u00bc\u0152\u00e9\u201c\u00b6\u00e8\u00a1\u0152\u00e4\u00bc\u0161\u00e8\u00a6\u0081\u00e6\u00b1\u201a\u00e6\u008f\u0090\u00e4\u00be\u203a\u00e9\u201c\u00b6\u00e8\u00a1\u0152\u00e6\u017d\u00a8\u00e8\u008d\u0090\u00e4\u00bf\u00a1\u00e5\u008f\u0160\u00e5\u00ae\u00a1\u00e8\u00ae\u00a1\u00e8\u00b4\u00a2\u00e5\u0160\u00a1\u00e6\u0160\u00a5\u00e5\u2018\u0160\u00e3\u20ac\u201a <\/p>\n<p>\u00e2\u20ac\u017d \u00e2\u20ac\u017d  <\/p>\n<h3>\u00e2\u20ac\u017d<\/h3>\n<p>\t\t\t\t\t<a href=\"https:\/\/cbiu.gov.dm\/zh-hans\/%e5%a4%9a%e7%b1%b3%e5%b0%bc%e5%85%8b%e5%85%ac%e6%b0%91%e8%ba%ab%e4%bb%bd\/%e6%b3%95%e5%be%8b%e4%be%9d%e6%8d%ae%e5%8f%8a%e7%9b%b8%e5%85%b3%e7%ab%8b%e6%b3%95\/\"><br \/>\n\t\t\t\t\t\t\t\t\t\u00e2\u20ac\u017d<br \/>\n\t\t\t\t\t<\/a><\/p>\n<h3>\u00e2\u20ac\u017d<\/h3>\n<p>\t\t\t\t\t<a href=\"https:\/\/cbiu.gov.dm\/zh-hans\/%e5%a4%9a%e7%b1%b3%e5%b0%bc%e5%85%8b%e5%85%ac%e6%b0%91%e8%ba%ab%e4%bb%bd\/%e7%a7%bb%e6%b0%91%e5%a4%9a%e7%b1%b3%e5%b0%bc%e5%85%8b%e7%9a%84%e7%9b%8a%e5%a4%84\/\"><br \/>\n\t\t\t\t\t\t\t\t\t\u00e2\u20ac\u017d<br \/>\n\t\t\t\t\t<\/a><\/p>\n","protected":false},"excerpt":{"rendered":"<p>\u00e8\u00a6\u0081\u00e6\u00b1\u201a\u00e6\u2013\u2021\u00e4\u00bb\u00b6 \u00e9\u00a6\u2013\u00e9\u00a1\u00b5 \u00e8\u00a6\u0081\u00e6\u00b1\u201a\u00e6\u2013\u2021\u00e4\u00bb\u00b6 \u00e8\u00a6\u0081\u00e6\u00b1\u201a\u00e6\u2013\u2021\u00e4\u00bb\u00b6 \u00e6\u0160\u00ab\u00e9\u0153\u00b2\u00e8\u00a1\u00a8\u00e6\u00a0\u00bc \u00e6\u0153\u2030\u00e6\u0152\u2021\u00e7\u00ba\u00b9\u00e5\u2019\u0152\u00e7\u2026\u00a7\u00e7\u2030\u2021\u00e7\u0161\u201e\u00e7\u201d\u00b3\u00e8\u00af\u00b7\u00e7\u00a1\u00ae\u00e8\u00ae\u00a4\u00e4\u00b9\u00a6\u00ef\u00bc\u02c6\u00e9\u0153\u20ac\u00e5\u0153\u00a8\u00e6\u0152\u2021\u00e7\u00ba\u00b9\u00e5\u00ae\u02dc\u00e5\u2030\u008d\u00e5\u00ae\u0152\u00e6\u02c6\u0090\u00ef\u00bc\u2030 \u00e5\u0152\u00bb\u00e5\u00ad\u00a6\u00e8\u00af\u0081\u00e6\u02dc\u017d\u00ef\u00bc\u02c6\u00e9\u0153\u20ac\u00e7\u00bb\u008f\u00e6\u0153\u2030\u00e6\u2030\u00a7\u00e7\u2026\u00a7\u00e7\u0161\u201e\u00e5\u0152\u00bb\u00e5\u00b8\u02c6\u00e5\u00a1\u00ab\u00e5\u2020\u2122\u00ef\u00bc\u2030 \u00e6\u0160\u2022\u00e8\u00b5\u201e\u00e5\u008d\u008f\u00e8\u00ae\u00ae\u00ef\u00bc\u02c6\u00e4\u00bb\u2026\u00e9\u2122\u0090\u00e4\u00ba\u017d\u00e7\u00bb\u008f\u00e6\u00b5\u017d\u00e5\u00a4\u0161\u00e5\u2026\u0192\u00e5\u0152\u2013\u00e5\u0178\u00ba\u00e9\u2021\u2018\u00e9\u20ac\u2030\u00e9\u00a1\u00b9\u00ef\u00bc\u203a\u00e9\u0153\u20ac\u00e4\u00bb\u2026\u00e7\u201d\u00b1\u00e4\u00b8\u00bb\u00e7\u201d\u00b3\u00e8\u00af\u00b7\u00e4\u00ba\u00ba\u00e5\u00a1\u00ab\u00e5\u2020\u2122\u00ef\u00bc\u2030 \u00e4\u00ba\u00a4\u00e6\u02dc\u201c\u00e5\u008d\u008f\u00e8\u00ae\u00ae\u00ef\u00bc\u02c6\u00e4\u00bb\u2026\u00e9\u2122\u0090\u00e6\u0160\u2022\u00e8\u00b5\u201e\u00e6\u02c6\u00bf\u00e5\u0153\u00b0\u00e4\u00ba\u00a7\u00e9\u20ac\u2030\u00e9\u00a1\u00b9\u00ef\u00bc\u2030 2\u00e5\u00a5\u2014\u00e5\u00a1\u00ab\u00e5\u2020\u2122\u00e5\u00ae\u0152\u00e6\u2022\u00b4\u00e5\u00b9\u00b6\u00e7\u00bb\u008f\u00e5\u2026\u00ac\u00e8\u00af\u0081\u00e7\u0161\u201e\u00e8\u00a1\u00a8\u00e6\u00a0\u00bc12 \u00e6\u0152\u0081\u00e6\u0153\u2030\u00e6\u0160\u00a4\u00e7\u2026\u00a7\u00e7\u0161\u201e\u00e5\u00bd\u00a9\u00e8\u2030\u00b2\u00e5\u00a4\u008d\u00e5\u008d\u00b0\u00e4\u00bb\u00b6 \u00e5\u2021\u00ba\u00e7\u201d\u0178\u00e8\u00af\u0081\u00e6\u02dc\u017d \u00e5\u00a9\u0161\u00e5\u00a7\u00bb\u00e8\u00af\u0081\u00e6\u02dc\u017d\/\u00e8\u00a7\u00a3\u00e9\u2122\u00a4\u00e5\u00a9\u0161\u00e5\u00a7\u00bb\u00e5\u2026\u00b3\u00e7\u00b3\u00bb\u00e7\u0161\u201e\u00e8\u00af\u0081\u00e6\u02dc\u017d\u00ef\u00bc\u02c6\u00e8\u2039\u00a5\u00e9\u20ac\u201a\u00e7\u201d\u00a8\u00ef\u00bc\u2030 \u00e5\u008d\u0081\u00e5\u2026\u00ad\u00e5\u2018\u00a8\u00e5\u00b2\u0081\u00e5\u008f\u0160\u00e4\u00bb\u00a5\u00e4\u00b8\u0160\u00e7\u0161\u201e\u00e6\u00af\u008f\u00e4\u00b8\u00aa\u00e7\u201d\u00b3\u00e8\u00af\u00b7\u00e4\u00ba\u00ba\u00e9\u0153\u20ac\u00e6\u008f\u0090\u00e4\u00be\u203a\u00e5\u2021\u00ba\u00e7\u201d\u0178\u00e5\u203a\u00bd\u00e5\u2019\u0152\u00e5\u00b1\u2026\u00e4\u00bd\u008f\u00e5\u203a\u00bd\u00ef\u00bc\u02c6\u00e5\u00a6\u201a\u00e6\u017e\u0153\u00e4\u00b8\u008d\u00e5\u0090\u0152\u00e7\u0161\u201e\u00e8\u00af\u009d\u00ef\u00bc\u2030\u00e6\u2013\u00b9\u00e7\u00ad\u00be\u00e5\u008f\u2018\u00e7\u0161\u201e\u00e5\u00b8\u00a6\u00e6\u0153\u2030\u00e6\u2030\u2039\u00e5\u008d\u00b0\u00e7\u0161\u201e\u00e8\u00ad\u00a6\u00e6\u2013\u00b9\u00e6\u2014\u00a0\u00e7\u0160\u00af\u00e7\u00bd\u00aa\u00e8\u00ae\u00b0\u00e5\u00bd\u2022\u00e8\u00af\u0081\u00e6\u02dc\u017d\u00e3\u20ac\u201a\u00e5\u00af\u00b9\u00e4\u00ba\u017d\u00e5\u008d\u0081\u00e4\u00ba\u0152\u00e8\u2021\u00b3\u00e5\u008d\u0081\u00e4\u00ba\u201d\u00e5\u2018\u00a8\u00e5\u00b2\u0081\u00e7\u0161\u201e\u00e5\u201e\u00bf\u00e7\u00ab\u00a5\u00ef\u00bc\u0152\u00e9\u0153\u20ac\u00e6\u008f\u0090\u00e4\u00be\u203a\u00e7\u02c6\u00b6\u00e6\u00af\u008d\u00e7\u0161\u201e\u00e5\u00ae\u00a3\u00e8\u00aa\u201c\u00e4\u00b9\u00a6\u00ef\u00bc\u0152\u00e5\u00ae\u00a3\u00e8\u00aa\u201c\u00e5\u00ad\u00a9\u00e5\u00ad\u0090\u00e6\u00b2\u00a1\u00e6\u0153\u2030\u00e7\u0160\u00af\u00e7\u00bd\u00aa\u00e8\u00ae\u00b0\u00e5\u00bd\u2022\u00e3\u20ac\u201a \u00e9\u00a9\u00be\u00e7\u2026\u00a7\u00e7\u0161\u201e\u00e5\u00bd\u00a9\u00e8\u2030\u00b2\u00e5\u00a4\u008d\u00e5\u008d\u00b0\u00e4\u00bb\u00b6 \u00e6\u2030\u20ac\u00e6\u0153\u2030\u00e8\u00af\u0081\u00e6\u02dc\u017d\u00e8\u00ba\u00ab\u00e4\u00bb\u00bd\u00e7\u0161\u201e\u00e6\u2013\u2021\u00e4\u00bb\u00b6\u00e3\u20ac\u0081\u00e8\u00af\u0081\u00e4\u00bb\u00b6\u00e5\u00bd\u00a9\u00e8\u2030\u00b2\u00e5\u00a4\u008d\u00e5\u008d\u00b0\u00e4\u00bb\u00b6 \u00e6\u2030\u20ac\u00e6\u0153\u2030\u00e5\u2026\u00b5\u00e5\u00bd\u00b9\u00e5\u2019\u0152\u00e9\u20ac\u20ac\u00e4\u00bc\u008d\u00e6\u2013\u2021\u00e4\u00bb\u00b6\u00e7\u0161\u201e\u00e5\u00bd\u00a9\u00e8\u2030\u00b2\u00e5\u00a4\u008d\u00e5\u008d\u00b0\u00e4\u00bb\u00b6\u00ef\u00bc\u0152\u00e8\u2039\u00a5\u00e9\u20ac\u201a\u00e7\u201d\u00a8 \u00e6\u2030\u20ac\u00e6\u0153\u2030\u00e8\u00af\u0081\u00e6\u02dc\u017d\u00e5\u008f\u02dc\u00e6\u203a\u00b4\u00e5\u00a7\u201c\u00e5\u0090\u008d\u00ef\u00bc\u02c6\u00e9\u2122\u00a4\u00e4\u00ba\u2020\u00e5\u00a9\u0161\u00e5\u00a7\u00bb\u00e5\u017d\u0178\u00e5\u203a\u00a0\u00ef\u00bc\u2030\u00e6\u2013\u2021\u00e4\u00bb\u00b6\u00e7\u0161\u201e\u00e5\u00bd\u00a9\u00e8\u2030\u00b2\u00e5\u00a4\u008d\u00e5\u008d\u00b0\u00e4\u00bb\u00b6\u00ef\u00bc\u0152\u00e8\u2039\u00a5\u00e9\u20ac\u201a\u00e7\u201d\u00a8 8\u00e5\u00bc\u00a0\u00e6\u0160\u00a4\u00e7\u2026\u00a7\u00e5\u00a4\u00a7\u00e5\u00b0\u008f\u00e7\u0161\u201e\u00e7\u2026\u00a7\u00e7\u2030\u2021 \u00e4\u00bd\u008f\u00e5\u009d\u20ac\u00e8\u00af\u0081\u00e6\u02dc\u017d\u00ef\u00bc\u02c6\u00e7\u00a7\u0178\u00e8\u00b5\u0081\u00e5\u0090\u02c6\u00e5\u0090\u0152\u00e6\u02c6\u2013\u00e7\u2030\u00a9\u00e4\u00b8\u0161\u00e8\u00b4\u00a6\u00e5\u008d\u2022\u00ef\u00bc\u2030 \u00e5\u00a4\u00a7\u00e5\u00ad\u00a6\u00e6\u02c6\u2013\u00e5\u00a4\u00a7\u00e4\u00b8\u201c\u00e6\u2013\u2021\u00e5\u2021\u00ad\u00e5\u2026\u00ac\u00e8\u00af\u0081\u00e4\u00bb\u00b6\u00e7\u0161\u201e\u00e5\u00bd\u00a9\u00e8\u2030\u00b2\u00e5\u00a4\u008d\u00e5\u008d\u00b0\u00e4\u00bb\u00b6 12\u00e8\u2021\u00b318\u00e5\u2018\u00a8\u00e5\u00b2\u0081\u00e7\u0161\u201e\u00e5\u201e\u00bf\u00e7\u00ab\u00a5\u00e9\u0153\u20ac\u00e6\u008f\u0090\u00e4\u00be\u203a\u00e6\u2030\u20ac\u00e5\u0153\u00a8\u00e5\u00ad\u00a6\u00e6\u00a0\u00a1\u00e6\u02c6\u2013\u00e5\u00a4\u00a7\u00e5\u00ad\u00a6\u00e6\u00a0\u00a1\u00e9\u2022\u00bf\u00e7\u0161\u201e\u00e6\u017d\u00a8\u00e8\u008d\u0090\u00e4\u00bf\u00a1 18\u00e8\u2021\u00b330\u00e5\u00b2\u0081\u00e7\u0161\u201e\u00e5\u00ad\u0090\u00e5\u00a5\u00b3\u00e7\u0161\u201e\u00e6\u0160\u0161\u00e5\u2026\u00bb\u00e5\u2026\u00ac\u00e8\u00af\u0081\u00e4\u00b9\u00a6 HIV\u00e6\u00a3\u20ac\u00e6\u00b5\u2039\u00e7\u00bb\u201c\u00e6\u017e\u0153\u00ef\u00bc\u02c6\u00e9\u2019\u02c6\u00e5\u00af\u00b9\u00e5\u00b9\u00b4\u00e6\u00bb\u00a112\u00e5\u00b2\u0081\u00e7\u0161\u201e\u00e6\u2030\u20ac\u00e6\u0153\u2030\u00e7\u201d\u00b3\u00e8\u00af\u00b7\u00e4\u00ba\u00ba\u00ef\u00bc\u2030 \u00e5\u00b8\u00b8\u00e8\u00a7\u201e\u00e8\u00a1\u20ac\u00e6\u00a3\u20ac\u00e5\u2019\u0152\u00e5\u00b0\u00bf\u00e6\u00a3\u20ac\u00e7\u00bb\u201c\u00e6\u017e\u0153 \u00e4\u00b8\u20ac\u00e4\u00bb\u00bd\u00e8\u0081\u0152\u00e4\u00b8\u0161\u00e6\u017d\u00a8\u00e8\u008d\u0090\u00e5\u2021\u00bd \u00e5\u00b7\u00a5\u00e4\u00bd\u0153\u00e8\u00af\u0081\u00e6\u02dc\u017d\/\u00e8\u00b4\u00a2\u00e5\u0160\u203a\u00e8\u00af\u0081\u00e6\u02dc\u017d \u00e8\u00b5\u201e\u00e9\u2021\u2018\u00e6\u009d\u00a5\u00e6\u00ba\u0090\u00e8\u00af\u0081\u00e6\u02dc\u017d\u00e4\u00b9\u00a6 \u00e8\u00af\u00a6\u00e7\u00bb\u2020\u00e7\u0161\u201e\u00e5\u2022\u2020\u00e4\u00b8\u0161\u00e8\u0192\u0152\u00e6\u2122\u00af\u00e6\u0160\u00a5\u00e5\u2018\u0160\/\u00e7\u00ae\u20ac\u00e5\u017d\u2020 \u00e8\u2021\u00b4\u00e9\u0192\u00a8\u00e9\u2022\u00bf\u00e7\u0161\u201e\u00e4\u00bf\u00a1 \u00e6\u201d\u00af\u00e4\u00bb\u02dc\u00e7\u203a\u00b8\u00e5\u2026\u00b3\u00e8\u00b4\u00b9\u00e7\u201d\u00a8\u00e7\u0161\u201e\u00e5\u2021\u00ad\u00e8\u00af\u0081 \u00e2\u20ac\u017d\u00e5\u0153\u00a8\u00e6\u008f\u0090\u00e4\u00ba\u00a4\u00e7\u201d\u00b3\u00e8\u00af\u00b7\u00e5\u2030\u008d\u00ef\u00bc\u0152\u00e6\u2030\u20ac\u00e6\u0153\u2030\u00e5\u00bd\u00a9\u00e8\u2030\u00b2\u00e5\u00a4\u008d\u00e5\u008d\u00b0\u00e4\u00bb\u00b6\u00e5\u00bf\u2026\u00e9\u00a1\u00bb\u00e7\u00bb\u008f\u00e8\u00bf\u2021\u00e5\u2026\u00ac\u00e8\u00af\u0081\u00e5\u2019\u0152\u00e6\u00b3\u2022\u00e5\u00be\u2039\u00e7\u00a8\u2039\u00e5\u00ba\u008f\u00ef\u00bc\u0152\u00e6\u2030\u20ac\u00e6\u0153\u2030\u00e9\u009d\u017e\u00e8\u2039\u00b1\u00e8\u00af\u00ad\u00e7\u0161\u201e\u00e6\u2013\u2021\u00e4\u00bb\u00b6\u00e5\u00bf\u2026\u00e9\u00a1\u00bb\u00e7\u00bb\u008f\u00e8\u00bf\u2021\u00e7\u00bf\u00bb\u00e8\u00af\u2018\u00e3\u20ac\u0081\u00e5\u2026\u00ac\u00e8\u00af\u0081\u00e3\u20ac\u0081\u00e5\u0090\u02c6\u00e6\u00b3\u2022\u00e5\u0152\u2013\u00e3\u20ac\u201a\u00e4\u00bb\u00a5\u00e4\u00b8\u2039\u00e6\u2013\u2021\u00e4\u00bb\u00b6\u00e8\u2021\u00aa2017\u00e5\u00b9\u00b45\u00e6\u0153\u02c61\u00e6\u2014\u00a5\u00e8\u00b5\u00b7\u00e4\u00b8\u008d\u00e5\u2020\u008d\u00e8\u00a2\u00ab\u00e8\u00a6\u0081\u00e6\u00b1\u201a\u00e6\u008f\u0090\u00e4\u00be\u203a\u00ef\u00bc\u0161 \u00e2\u20ac\u017d\u00e9\u201c\u00b6\u00e8\u00a1\u0152\u00e6\u017d\u00a8\u00e8\u008d\u0090\u00e4\u00bf\u00a1 \u00e2\u20ac\u017d\u00e2\u20ac\u017d\u00e4\u00b8\u00aa\u00e4\u00ba\u00ba\u00e6\u017d\u00a8\u00e8\u008d\u0090\u00e4\u00bf\u00a1 \u00e2\u20ac\u017d\u00e7\u2013\u00ab\u00e8\u2039\u2014\u00e6\u017d\u00a5\u00e7\u00a7\u008d\u00e9\u00a2\u201e\u00e7\u00ba\u00a6 \u00e2\u20ac\u017d\u00e5\u00ae\u00a1\u00e8\u00ae\u00a1\u00e8\u00b4\u00a2\u00e5\u0160\u00a1\u00e6\u0160\u00a5\u00e5\u2018\u0160 \u00e4\u00bd\u2020\u00e6\u02dc\u00af\u00e6\u017d\u02c6\u00e6\u009d\u0192\u00e4\u00bb\u00a3\u00e7\u0090\u2020\u00e5\u00bf\u2026\u00e9\u00a1\u00bb\u00e5\u2018\u0160\u00e7\u0178\u00a5\u00e7\u201d\u00b3\u00e8\u00af\u00b7\u00e4\u00ba\u00ba\u00ef\u00bc\u0152\u00e8\u00bf\u203a\u00e4\u00b8\u00a4\u00e5\u00b9\u00b4\u00e6\u009d\u00a5\u00e5\u0153\u00a8\u00e8\u00bf\u203a\u00e8\u00a1\u0152\u00e8\u00bd\u00ac\u00e8\u00b4\u00a6\u00e6\u2014\u00b6\u00ef\u00bc\u0152\u00e9\u201c\u00b6\u00e8\u00a1\u0152\u00e4\u00bc\u0161\u00e8\u00a6\u0081\u00e6\u00b1\u201a\u00e6\u008f\u0090\u00e4\u00be\u203a\u00e9\u201c\u00b6\u00e8\u00a1\u0152\u00e6\u017d\u00a8\u00e8\u008d\u0090\u00e4\u00bf\u00a1\u00e5\u008f\u0160\u00e5\u00ae\u00a1\u00e8\u00ae\u00a1\u00e8\u00b4\u00a2\u00e5\u0160\u00a1\u00e6\u0160\u00a5\u00e5\u2018\u0160\u00e3\u20ac\u201a \u00e2\u20ac\u017d \u00e2\u20ac\u017d \u00e2\u20ac\u017d \u00e2\u20ac\u017d \u00e2\u20ac\u017d \u00e2\u20ac\u017d<\/p>\n","protected":false},"author":8,"featured_media":0,"parent":11447,"menu_order":0,"comment_status":"closed","ping_status":"closed","template":"","meta":{"footnotes":""},"class_list":["post-11392","page","type-page","status-publish","hentry"],"_links":{"self":[{"href":"https:\/\/simplydev.co\/dominica\/wp-json\/wp\/v2\/pages\/11392","targetHints":{"allow":["GET"]}}],"collection":[{"href":"https:\/\/simplydev.co\/dominica\/wp-json\/wp\/v2\/pages"}],"about":[{"href":"https:\/\/simplydev.co\/dominica\/wp-json\/wp\/v2\/types\/page"}],"author":[{"embeddable":true,"href":"https:\/\/simplydev.co\/dominica\/wp-json\/wp\/v2\/users\/8"}],"replies":[{"embeddable":true,"href":"https:\/\/simplydev.co\/dominica\/wp-json\/wp\/v2\/comments?post=11392"}],"version-history":[{"count":0,"href":"https:\/\/simplydev.co\/dominica\/wp-json\/wp\/v2\/pages\/11392\/revisions"}],"up":[{"embeddable":true,"href":"https:\/\/simplydev.co\/dominica\/wp-json\/wp\/v2\/pages\/11447"}],"wp:attachment":[{"href":"https:\/\/simplydev.co\/dominica\/wp-json\/wp\/v2\/media?parent=11392"}],"curies":[{"name":"wp","href":"https:\/\/api.w.org\/{rel}","templated":true}]}}